[INFO] cloning repository https://github.com/zenhack/sandstorm-webpub-sysgrain
[INFO] running `Command { std: "git" "-c" "credential.helper=" "-c" "credential.helper=/workspace/cargo-home/bin/git-credential-null" "clone" "--bare" "https://github.com/zenhack/sandstorm-webpub-sysgrain" "/workspace/cache/git-repos/https%3A%2F%2Fgithub.com%2Fzenhack%2Fsandstorm-webpub-sysgrain", kill_on_drop: false }`
[INFO] [stderr] Cloning into bare repository '/workspace/cache/git-repos/https%3A%2F%2Fgithub.com%2Fzenhack%2Fsandstorm-webpub-sysgrain'...
[INFO] running `Command { std: "git" "rev-parse" "HEAD", kill_on_drop: false }`
[INFO] [stdout] a34681641dfc1b9792abe121ea61c11fc9780bac
[INFO] checking zenhack/sandstorm-webpub-sysgrain against try#72f88fc4e9458f89516a0b8b0868f3718aec5b47 for pr-74989
[INFO] running `Command { std: "git" "clone" "/workspace/cache/git-repos/https%3A%2F%2Fgithub.com%2Fzenhack%2Fsandstorm-webpub-sysgrain" "/workspace/builds/worker-11/source", kill_on_drop: false }`
[INFO] [stderr] Cloning into '/workspace/builds/worker-11/source'...
[INFO] [stderr] done.
[INFO] validating manifest of git repo https://github.com/zenhack/sandstorm-webpub-sysgrain on toolchain 72f88fc4e9458f89516a0b8b0868f3718aec5b47
[INFO] running `Command { std: "/workspace/cargo-home/bin/cargo" "+72f88fc4e9458f89516a0b8b0868f3718aec5b47" "read-manifest" "--manifest-path" "Cargo.toml", kill_on_drop: false }`
[INFO] started tweaking git repo https://github.com/zenhack/sandstorm-webpub-sysgrain
[INFO] finished tweaking git repo https://github.com/zenhack/sandstorm-webpub-sysgrain
[INFO] tweaked toml for git repo https://github.com/zenhack/sandstorm-webpub-sysgrain written to /workspace/builds/worker-11/source/Cargo.toml
[INFO] crate git repo https://github.com/zenhack/sandstorm-webpub-sysgrain already has a lockfile, it will not be regenerated
[INFO] running `Command { std: "/workspace/cargo-home/bin/cargo" "+72f88fc4e9458f89516a0b8b0868f3718aec5b47" "fetch" "--locked" "--manifest-path" "Cargo.toml", kill_on_drop: false }`
[INFO] [stderr]     Updating git repository `https://github.com/dwrensha/futures-tokio-compat`
[INFO] [stderr]  Downloading crates ...
[INFO] [stderr]   Downloaded askama_escape v0.3.0
[INFO] [stderr]   Downloaded askama_derive v0.9.0
[INFO] [stderr]   Downloaded capnp-futures v0.12.0
[INFO] [stderr]   Downloaded askama_shared v0.9.1
[INFO] [stderr]   Downloaded lmdb-sys v0.8.0
[INFO] [stderr]   Downloaded lmdb v0.8.0
[INFO] [stderr]   Downloaded askama v0.9.0
[INFO] [stderr]   Downloaded capnpc v0.12.3
[INFO] [stderr]   Downloaded capnp-rpc v0.12.2
[INFO] [stderr]   Downloaded sandstorm v0.0.13
[INFO] [stderr]   Downloaded capnp v0.12.2
[INFO] running `Command { std: "docker" "create" "-v" "/var/lib/crater-agent-workspace/builds/worker-11/target:/opt/rustwide/target:rw,Z" "-v" "/var/lib/crater-agent-workspace/builds/worker-11/source:/opt/rustwide/workdir:ro,Z" "-v" "/var/lib/crater-agent-workspace/cargo-home:/opt/rustwide/cargo-home:ro,Z" "-v" "/var/lib/crater-agent-workspace/rustup-home:/opt/rustwide/rustup-home:ro,Z" "-e" "SOURCE_DIR=/opt/rustwide/workdir" "-e" "CARGO_TARGET_DIR=/opt/rustwide/target" "-e" "CARGO_HOME=/opt/rustwide/cargo-home" "-e" "RUSTUP_HOME=/opt/rustwide/rustup-home" "-w" "/opt/rustwide/workdir" "-m" "1610612736" "--user" "0:0" "--network" "none" "rustops/crates-build-env@sha256:d92eaeed33fa75130ca1ee6c8a01d1ffb62bac859dfdfb3450e3e5d1c0146529" "/opt/rustwide/cargo-home/bin/cargo" "+72f88fc4e9458f89516a0b8b0868f3718aec5b47" "metadata" "--no-deps" "--format-version=1", kill_on_drop: false }`
[INFO] [stdout] 68911cc3b7b4d77e723a1582a529f9e9635e6bc245e9b0f80780530b0dac00e5
[INFO] [stderr] WARNING: Your kernel does not support swap limit capabilities or the cgroup is not mounted. Memory limited without swap.
[INFO] running `Command { std: "docker" "start" "-a" "68911cc3b7b4d77e723a1582a529f9e9635e6bc245e9b0f80780530b0dac00e5", kill_on_drop: false }`
[INFO] running `Command { std: "docker" "inspect" "68911cc3b7b4d77e723a1582a529f9e9635e6bc245e9b0f80780530b0dac00e5", kill_on_drop: false }`
[INFO] running `Command { std: "docker" "rm" "-f" "68911cc3b7b4d77e723a1582a529f9e9635e6bc245e9b0f80780530b0dac00e5", kill_on_drop: false }`
[INFO] [stdout] 68911cc3b7b4d77e723a1582a529f9e9635e6bc245e9b0f80780530b0dac00e5
[INFO] running `Command { std: "docker" "create" "-v" "/var/lib/crater-agent-workspace/builds/worker-11/target:/opt/rustwide/target:rw,Z" "-v" "/var/lib/crater-agent-workspace/builds/worker-11/source:/opt/rustwide/workdir:ro,Z" "-v" "/var/lib/crater-agent-workspace/cargo-home:/opt/rustwide/cargo-home:ro,Z" "-v" "/var/lib/crater-agent-workspace/rustup-home:/opt/rustwide/rustup-home:ro,Z" "-e" "SOURCE_DIR=/opt/rustwide/workdir" "-e" "CARGO_TARGET_DIR=/opt/rustwide/target" "-e" "CARGO_INCREMENTAL=0" "-e" "RUST_BACKTRACE=full" "-e" "RUSTFLAGS=--cap-lints=forbid" "-e" "CARGO_HOME=/opt/rustwide/cargo-home" "-e" "RUSTUP_HOME=/opt/rustwide/rustup-home" "-w" "/opt/rustwide/workdir" "-m" "1610612736" "--user" "0:0" "--network" "none" "rustops/crates-build-env@sha256:d92eaeed33fa75130ca1ee6c8a01d1ffb62bac859dfdfb3450e3e5d1c0146529" "/opt/rustwide/cargo-home/bin/cargo" "+72f88fc4e9458f89516a0b8b0868f3718aec5b47" "check" "--frozen" "--all" "--all-targets" "--message-format=json", kill_on_drop: false }`
[INFO] [stdout] 6a464a7fe1932119b1017d0ecbf6151b52c5b625dd13392310467ce72da3cf64
[INFO] [stderr] WARNING: Your kernel does not support swap limit capabilities or the cgroup is not mounted. Memory limited without swap.
[INFO] running `Command { std: "docker" "start" "-a" "6a464a7fe1932119b1017d0ecbf6151b52c5b625dd13392310467ce72da3cf64", kill_on_drop: false }`
[INFO] [stderr]    Compiling unicode-xid v0.2.0
[INFO] [stderr]    Compiling syn v1.0.16
[INFO] [stderr]    Compiling version_check v0.9.1
[INFO] [stderr]    Compiling libc v0.2.67
[INFO] [stderr]    Compiling memchr v2.3.3
[INFO] [stderr]     Checking slab v0.4.2
[INFO] [stderr]     Checking futures-io v0.3.4
[INFO] [stderr]     Checking cfg-if v0.1.10
[INFO] [stderr]    Compiling log v0.4.8
[INFO] [stderr]    Compiling bitflags v1.2.1
[INFO] [stderr]    Compiling cc v1.0.50
[INFO] [stderr]    Compiling pkg-config v0.3.17
[INFO] [stderr]    Compiling capnp v0.12.2
[INFO] [stderr]    Compiling humansize v1.1.0
[INFO] [stderr]    Compiling askama_escape v0.3.0
[INFO] [stderr]     Checking lazy_static v1.4.0
[INFO] [stderr]     Checking strsim v0.8.0
[INFO] [stderr]     Checking hex v0.4.2
[INFO] [stderr]    Compiling num-traits v0.2.11
[INFO] [stderr]     Checking futures-channel v0.3.4
[INFO] [stderr]    Compiling proc-macro2 v1.0.9
[INFO] [stderr]    Compiling unicase v2.6.0
[INFO] [stderr]    Compiling nom v5.1.1
[INFO] [stderr]    Compiling quote v1.0.3
[INFO] [stderr]    Compiling lmdb-sys v0.8.0
[INFO] [stderr]    Compiling capnpc v0.12.3
[INFO] [stderr]    Compiling mime_guess v2.0.3
[INFO] [stderr]     Checking iovec v0.1.4
[INFO] [stderr]     Checking net2 v0.2.33
[INFO] [stderr]     Checking atty v0.2.14
[INFO] [stderr]     Checking clap v2.33.1
[INFO] [stderr]     Checking mio v0.6.21
[INFO] [stderr]     Checking mio-uds v0.6.7
[INFO] [stderr]     Checking tokio v0.2.13
[INFO] [stderr]    Compiling sandstorm v0.0.13
[INFO] [stderr]     Checking lmdb v0.8.0
[INFO] [stderr]    Compiling serde_derive v1.0.106
[INFO] [stderr]    Compiling proc-macro-hack v0.5.11
[INFO] [stderr]    Compiling pin-project-internal v0.4.8
[INFO] [stderr]    Compiling futures-macro v0.3.4
[INFO] [stderr]     Checking pin-project v0.4.8
[INFO] [stderr]     Checking futures-tokio-compat v0.1.0 (https://github.com/dwrensha/futures-tokio-compat?branch=tokio-0.2#8007dfe2)
[INFO] [stderr]     Checking futures-util v0.3.4
[INFO] [stderr]     Checking futures-executor v0.3.4
[INFO] [stderr]    Compiling serde v1.0.106
[INFO] [stderr]     Checking futures v0.3.4
[INFO] [stderr]     Checking capnp-futures v0.12.0
[INFO] [stderr]     Checking capnp-rpc v0.12.2
[INFO] [stderr]    Compiling toml v0.5.6
[INFO] [stderr]     Checking askama_shared v0.9.1
[INFO] [stderr]    Compiling askama_derive v0.9.0
[INFO] [stderr]     Checking askama v0.9.0
[INFO] [stderr]     Checking webpub v0.1.0 (/opt/rustwide/workdir)
[INFO] [stdout] error[E0599]: no method named `init_token` found for struct `Request<sandstorm::grain_capnp::sandstorm_api::restore_params::Owned<capnp::any_pointer::Owned>, sandstorm::grain_capnp::sandstorm_api::restore_results::Owned<capnp::any_pointer::Owned>>` in the current scope
[INFO] [stdout]   --> src/main.rs:71:33
[INFO] [stdout]    |
[INFO] [stdout] 71 |         let mut token_buf = req.init_token(restore.len());
[INFO] [stdout]    |                                 ^^^^^^^^^^ method not found in `Request<sandstorm::grain_capnp::sandstorm_api::restore_params::Owned<capnp::any_pointer::Owned>, sandstorm::grain_capnp::sandstorm_api::restore_results::Owned<capnp::any_pointer::Owned>>`
[INFO] [stdout] 
[INFO] [stdout] 
[INFO] [stdout] error[E0308]: mismatched types
[INFO] [stdout]    --> src/main.rs:100:25
[INFO] [stdout]     |
[INFO] [stdout] 100 |         upload_dir(dir, hex::decode(restore).unwrap())
[INFO] [stdout]     |                         ^^^^^^^^^^^^^^^^^^^^^^^^^^^^^
[INFO] [stdout]     |                         |
[INFO] [stdout]     |                         expected `&[u8]`, found struct `Vec`
[INFO] [stdout]     |                         help: consider borrowing here: `&hex::decode(restore).unwrap()`
[INFO] [stdout]     |
[INFO] [stdout]     = note: expected reference `&[u8]`
[INFO] [stdout]                   found struct `Vec<u8>`
[INFO] [stdout] 
[INFO] [stdout] 
[INFO] [stdout] error: aborting due to 2 previous errors
[INFO] [stdout] 
[INFO] [stdout] 
[INFO] [stdout] Some errors have detailed explanations: E0308, E0599.
[INFO] [stdout] 
[INFO] [stdout] For more information about an error, try `rustc --explain E0308`.
[INFO] [stdout] 
[INFO] [stderr] error: could not compile `webpub`.
[INFO] [stderr] 
[INFO] [stderr] To learn more, run the command again with --verbose.
[INFO] [stderr] warning: build failed, waiting for other jobs to finish...
[INFO] [stdout] error[E0599]: no method named `init_token` found for struct `Request<sandstorm::grain_capnp::sandstorm_api::restore_params::Owned<capnp::any_pointer::Owned>, sandstorm::grain_capnp::sandstorm_api::restore_results::Owned<capnp::any_pointer::Owned>>` in the current scope
[INFO] [stdout]   --> src/main.rs:71:33
[INFO] [stdout]    |
[INFO] [stdout] 71 |         let mut token_buf = req.init_token(restore.len());
[INFO] [stdout]    |                                 ^^^^^^^^^^ method not found in `Request<sandstorm::grain_capnp::sandstorm_api::restore_params::Owned<capnp::any_pointer::Owned>, sandstorm::grain_capnp::sandstorm_api::restore_results::Owned<capnp::any_pointer::Owned>>`
[INFO] [stdout] 
[INFO] [stdout] 
[INFO] [stdout] error[E0308]: mismatched types
[INFO] [stdout]    --> src/main.rs:100:25
[INFO] [stdout]     |
[INFO] [stdout] 100 |         upload_dir(dir, hex::decode(restore).unwrap())
[INFO] [stdout]     |                         ^^^^^^^^^^^^^^^^^^^^^^^^^^^^^
[INFO] [stdout]     |                         |
[INFO] [stdout]     |                         expected `&[u8]`, found struct `Vec`
[INFO] [stdout]     |                         help: consider borrowing here: `&hex::decode(restore).unwrap()`
[INFO] [stdout]     |
[INFO] [stdout]     = note: expected reference `&[u8]`
[INFO] [stdout]                   found struct `Vec<u8>`
[INFO] [stdout] 
[INFO] [stdout] 
[INFO] [stdout] error: aborting due to 2 previous errors
[INFO] [stdout] 
[INFO] [stdout] 
[INFO] [stdout] Some errors have detailed explanations: E0308, E0599.
[INFO] [stdout] 
[INFO] [stdout] For more information about an error, try `rustc --explain E0308`.
[INFO] [stdout] 
[INFO] [stderr] error: build failed
[INFO] running `Command { std: "docker" "inspect" "6a464a7fe1932119b1017d0ecbf6151b52c5b625dd13392310467ce72da3cf64", kill_on_drop: false }`
[INFO] running `Command { std: "docker" "rm" "-f" "6a464a7fe1932119b1017d0ecbf6151b52c5b625dd13392310467ce72da3cf64", kill_on_drop: false }`
[INFO] [stdout] 6a464a7fe1932119b1017d0ecbf6151b52c5b625dd13392310467ce72da3cf64
